{"id":3233,"date":"2020-10-16T21:44:17","date_gmt":"2020-10-16T20:44:17","guid":{"rendered":"http:\/\/www.slamdisques.com\/slamdisques\/?page_id=3233"},"modified":"2025-07-03T16:02:51","modified_gmt":"2025-07-03T15:02:51","slug":"noe-talbot-2","status":"publish","type":"page","link":"https:\/\/www.slamdisques.com\/slamdisques\/noe-talbot-2","title":{"rendered":"No\u00e9 Talbot"},"content":{"rendered":"\n<figure class=\"wp-block-image size-full is-resized\"><a href=\"https:\/\/www.slamdisques.com\/slamdisques\/wp-content\/uploads\/2025\/06\/Noe1-500.png\"><img loading=\"lazy\" decoding=\"async\" width=\"500\" height=\"500\" src=\"https:\/\/www.slamdisques.com\/slamdisques\/wp-content\/uploads\/2025\/06\/Noe1-500.png\" alt=\"\" class=\"wp-image-4891\" style=\"width:677px;height:auto\" srcset=\"https:\/\/www.slamdisques.com\/slamdisques\/wp-content\/uploads\/2025\/06\/Noe1-500.png 500w, https:\/\/www.slamdisques.com\/slamdisques\/wp-content\/uploads\/2025\/06\/Noe1-500-300x300.png 300w, https:\/\/www.slamdisques.com\/slamdisques\/wp-content\/uploads\/2025\/06\/Noe1-500-150x150.png 150w, https:\/\/www.slamdisques.com\/slamdisques\/wp-content\/uploads\/2025\/06\/Noe1-500-100x100.png 100w\" sizes=\"auto, (max-width: 500px) 100vw, 500px\" \/><\/a><\/figure>\n\n\n\n<ul class=\"wp-block-social-links alignleft is-layout-flex wp-block-social-links-is-layout-flex\"><li class=\"wp-social-link wp-social-link-instagram  wp-block-social-link\"><a href=\"https:\/\/www.instagram.com\/noetalbot?utm_source=ig_web_button_share_sheet&#038;igsh=ZDNlZDc0MzIxNw==\" class=\"wp-block-social-link-anchor\"><svg width=\"24\" height=\"24\" viewBox=\"0 0 24 24\" version=\"1.1\" xmlns=\"http:\/\/www.w3.org\/2000\/svg\" aria-hidden=\"true\" focusable=\"false\"><path d=\"M12,4.622c2.403,0,2.688,0.009,3.637,0.052c0.877,0.04,1.354,0.187,1.671,0.31c0.42,0.163,0.72,0.358,1.035,0.673 c0.315,0.315,0.51,0.615,0.673,1.035c0.123,0.317,0.27,0.794,0.31,1.671c0.043,0.949,0.052,1.234,0.052,3.637 s-0.009,2.688-0.052,3.637c-0.04,0.877-0.187,1.354-0.31,1.671c-0.163,0.42-0.358,0.72-0.673,1.035 c-0.315,0.315-0.615,0.51-1.035,0.673c-0.317,0.123-0.794,0.27-1.671,0.31c-0.949,0.043-1.233,0.052-3.637,0.052 s-2.688-0.009-3.637-0.052c-0.877-0.04-1.354-0.187-1.671-0.31c-0.42-0.163-0.72-0.358-1.035-0.673 c-0.315-0.315-0.51-0.615-0.673-1.035c-0.123-0.317-0.27-0.794-0.31-1.671C4.631,14.688,4.622,14.403,4.622,12 s0.009-2.688,0.052-3.637c0.04-0.877,0.187-1.354,0.31-1.671c0.163-0.42,0.358-0.72,0.673-1.035 c0.315-0.315,0.615-0.51,1.035-0.673c0.317-0.123,0.794-0.27,1.671-0.31C9.312,4.631,9.597,4.622,12,4.622 M12,3 C9.556,3,9.249,3.01,8.289,3.054C7.331,3.098,6.677,3.25,6.105,3.472C5.513,3.702,5.011,4.01,4.511,4.511 c-0.5,0.5-0.808,1.002-1.038,1.594C3.25,6.677,3.098,7.331,3.054,8.289C3.01,9.249,3,9.556,3,12c0,2.444,0.01,2.751,0.054,3.711 c0.044,0.958,0.196,1.612,0.418,2.185c0.23,0.592,0.538,1.094,1.038,1.594c0.5,0.5,1.002,0.808,1.594,1.038 c0.572,0.222,1.227,0.375,2.185,0.418C9.249,20.99,9.556,21,12,21s2.751-0.01,3.711-0.054c0.958-0.044,1.612-0.196,2.185-0.418 c0.592-0.23,1.094-0.538,1.594-1.038c0.5-0.5,0.808-1.002,1.038-1.594c0.222-0.572,0.375-1.227,0.418-2.185 C20.99,14.751,21,14.444,21,12s-0.01-2.751-0.054-3.711c-0.044-0.958-0.196-1.612-0.418-2.185c-0.23-0.592-0.538-1.094-1.038-1.594 c-0.5-0.5-1.002-0.808-1.594-1.038c-0.572-0.222-1.227-0.375-2.185-0.418C14.751,3.01,14.444,3,12,3L12,3z M12,7.378 c-2.552,0-4.622,2.069-4.622,4.622S9.448,16.622,12,16.622s4.622-2.069,4.622-4.622S14.552,7.378,12,7.378z M12,15 c-1.657,0-3-1.343-3-3s1.343-3,3-3s3,1.343,3,3S13.657,15,12,15z M16.804,6.116c-0.596,0-1.08,0.484-1.08,1.08 s0.484,1.08,1.08,1.08c0.596,0,1.08-0.484,1.08-1.08S17.401,6.116,16.804,6.116z\"><\/path><\/svg><span class=\"wp-block-social-link-label screen-reader-text\">Instagram<\/span><\/a><\/li>\n\n<li class=\"wp-social-link wp-social-link-facebook  wp-block-social-link\"><a href=\"https:\/\/www.facebook.com\/noetalbot?locale=fr_CA\" class=\"wp-block-social-link-anchor\"><svg width=\"24\" height=\"24\" viewBox=\"0 0 24 24\" version=\"1.1\" xmlns=\"http:\/\/www.w3.org\/2000\/svg\" aria-hidden=\"true\" focusable=\"false\"><path d=\"M12 2C6.5 2 2 6.5 2 12c0 5 3.7 9.1 8.4 9.9v-7H7.9V12h2.5V9.8c0-2.5 1.5-3.9 3.8-3.9 1.1 0 2.2.2 2.2.2v2.5h-1.3c-1.2 0-1.6.8-1.6 1.6V12h2.8l-.4 2.9h-2.3v7C18.3 21.1 22 17 22 12c0-5.5-4.5-10-10-10z\"><\/path><\/svg><span class=\"wp-block-social-link-label screen-reader-text\">Facebook<\/span><\/a><\/li>\n\n<li class=\"wp-social-link wp-social-link-bandcamp  wp-block-social-link\"><a href=\"https:\/\/noetalbot.bandcamp.com\/track\/mourir-pour-le-rock\" class=\"wp-block-social-link-anchor\"><svg width=\"24\" height=\"24\" viewBox=\"0 0 24 24\" version=\"1.1\" xmlns=\"http:\/\/www.w3.org\/2000\/svg\" aria-hidden=\"true\" focusable=\"false\"><path d=\"M15.27 17.289 3 17.289 8.73 6.711 21 6.711 15.27 17.289\"><\/path><\/svg><span class=\"wp-block-social-link-label screen-reader-text\">Bandcamp<\/span><\/a><\/li>\n\n<li class=\"wp-social-link wp-social-link-spotify  wp-block-social-link\"><a href=\"https:\/\/open.spotify.com\/intl-fr\/artist\/5NlqN0zhm9dM0WgtvKvsKU\" class=\"wp-block-social-link-anchor\"><svg width=\"24\" height=\"24\" viewBox=\"0 0 24 24\" version=\"1.1\" xmlns=\"http:\/\/www.w3.org\/2000\/svg\" aria-hidden=\"true\" focusable=\"false\"><path d=\"M12,2C6.477,2,2,6.477,2,12c0,5.523,4.477,10,10,10c5.523,0,10-4.477,10-10C22,6.477,17.523,2,12,2 M16.586,16.424 c-0.18,0.295-0.563,0.387-0.857,0.207c-2.348-1.435-5.304-1.76-8.785-0.964c-0.335,0.077-0.67-0.133-0.746-0.469 c-0.077-0.335,0.132-0.67,0.469-0.746c3.809-0.871,7.077-0.496,9.713,1.115C16.673,15.746,16.766,16.13,16.586,16.424 M17.81,13.7 c-0.226,0.367-0.706,0.482-1.072,0.257c-2.687-1.652-6.785-2.131-9.965-1.166C6.36,12.917,5.925,12.684,5.8,12.273 C5.675,11.86,5.908,11.425,6.32,11.3c3.632-1.102,8.147-0.568,11.234,1.328C17.92,12.854,18.035,13.335,17.81,13.7 M17.915,10.865 c-3.223-1.914-8.54-2.09-11.618-1.156C5.804,9.859,5.281,9.58,5.131,9.086C4.982,8.591,5.26,8.069,5.755,7.919 c3.532-1.072,9.404-0.865,13.115,1.338c0.445,0.264,0.59,0.838,0.327,1.282C18.933,10.983,18.359,11.129,17.915,10.865\"><\/path><\/svg><span class=\"wp-block-social-link-label screen-reader-text\">Spotify<\/span><\/a><\/li><\/ul>\n\n\n\n<p>Un r\u00eave de jeunesse de faire du rock de sa vie qui s\u2019est mu\u00e9 en une carri\u00e8re dans la chanson qu\u00e9b\u00e9coise, voil\u00e0 l\u2019essence encore palpable du projet <em>No\u00e9 Talbot<\/em>. Sur des m\u00e9lodies aux couleurs oscillant entre le folk, la pop, la musique urbaine et &#8211; quand m\u00eame &#8211; une pinc\u00e9e de rock, <em>No\u00e9 Talbot<\/em> propose \u00e0 nos \u00e2mes \u00e9reint\u00e9es sa po\u00e9sie r\u00e9confortante, d\u00e9peignant les solitudes profondes et grandissantes de notre \u00e9poque.<\/p>\n\n\n\n<p>Si le rock entre de moins en moins en l\u2019homme, on ne peut pas dire qu\u2019on peut sortir le rock de lui. Quoique. Aux premiers abords, on ne pourrait pas vraiment penser qu\u2019un ex-enseignant de fran\u00e7ais au secondaire, ayant publi\u00e9 un livre de litt\u00e9rature jeunesse, aurait un parcours artistique aussi diversifi\u00e9. D\u2019abord philosophe de l\u2019\u00e2me et amoureux des mots, il nous livre cette passion d\u00e9vorante \u00e0 travers ses \u0153uvres douces-am\u00e8res depuis plus de 15 ans. Mais on ne pourrait cerner la b\u00eate sans mentionner ses divers projets punk, tels que <em>Fortune Cookie Club<\/em> et <em>Super Punk<\/em>, ou son projet rap, <em>Salmine<\/em>, dans lesquels il manipule la langue avec la m\u00eame rigueur pour mieux faire p\u00e9tiller ses propos.<\/p>\n\n\n\n<p>Ses 15 ans sur les routes lui ont laiss\u00e9 un sacr\u00e9 n\u0153ud d\u2019exp\u00e9rience sous la cravate. En incluant les dates avec tous ses projets, c\u2019est pr\u00e8s de 1000 spectacles, dont 20 tourn\u00e9es europ\u00e9ennes qu\u2019il a accumul\u00e9es, sans compter ses plus de 50 sorties (Albums, EPs et d\u00e9mos). Uniquement avec son projet <em>No\u00e9 Talbot<\/em>, il a d\u00e9j\u00e0 fait para\u00eetre 3 albums complets, 6 EPs ainsi que plusieurs singles radios. Il a ratiss\u00e9 les campagnes, les villes et les villages, nourrissant ainsi sa plume et son art.<\/p>\n\n\n\n<p>Il est loin le jeune gar\u00e7on qui r\u00eavait de faire du rock, mais toujours bien vivant et combl\u00e9. Ces derni\u00e8res ann\u00e9es l\u2019ont amen\u00e9 \u00e0 travailler avec diverses pointures du rock qu\u00e9b\u00e9cois telles que <em>Jessy Fuchs, Guillaume Beauregard<\/em> ou <em>Vincent Peake<\/em> &#8211; qui a d\u2019ailleurs r\u00e9alis\u00e9 son dernier album complet <em>Remercier les accidents<\/em> &#8211; mais aussi avec plusieurs rockeurs internationaux tels que l\u2019anglais <em>Frank Turner<\/em>, qui a d\u2019ailleurs utilis\u00e9 sa traduction de sa chanson <em>Substitute<\/em> pour plusieurs tourn\u00e9es dans la francophonie. Si l\u2019on tend l\u2019oreille, on peut entendre son bagage forg\u00e9 par les nuits pass\u00e9es sur les planchers d\u2019\u00e9trangers, par les spectacles dans des bars miteux et des squats punks, mais surtout la sagesse grappill\u00e9e au gr\u00e9 des \u00e9changes se r\u00e9verb\u00e9rant parfois dans son art. C\u2019est les veines encore baign\u00e9es de sueurs que <em>No\u00e9 Talbot<\/em> nous fait d\u00e9couvrir en mai 2025 son tout nouvel album <em>Mourir pour le rock<\/em>. Ce projet audacieux s&rsquo;accompagne d&rsquo;un <strong>jeu de soci\u00e9t\u00e9 <\/strong>du m\u00eame nom. L&rsquo;album, cor\u00e9alis\u00e9 avec <em>Vincent Peake<\/em> et <em>Ga\u00eble<\/em>, est beaucoup plus rythm\u00e9 et l\u00e9ger que ses pr\u00e9c\u00e9dentes galettes, avec des collaborations inattendues comme l\u2019artiste s\u00e9n\u00e9galais <em>Bo Diaw <\/em>et<em> <\/em>la fran\u00e7aise<em> Vanille Debray<\/em>. Entre les chansons, des capsules humoristiques mettant en sc\u00e8ne des piliers du rock qu\u00e9b\u00e9cois comme <em>Mononc&rsquo; Serge<\/em> ajoutent une touche de l\u00e9g\u00e8ret\u00e9 et une trame narrative \u00e0 l\u2019album. Le jeu de soci\u00e9t\u00e9, d\u00e9velopp\u00e9 avec Tendre Plume et \u00e9dit\u00e9 par Viviludi, plonge les joueurs dans la vie d&rsquo;un musicien en tourn\u00e9e au Qu\u00e9bec, alliant plusieurs r\u00e9f\u00e9rences directes \u00e0 l\u2019album. Le but ? Accumuler des points souvenirs, d\u00e9velopper sa fan base tout en g\u00e9rant sa sant\u00e9 mentale pour \u00e9viter les pi\u00e8ges du m\u00e9tier. Ce projet unique fusionne musique et jeu, offrant une exp\u00e9rience immersive et captivante pour les fans.<\/p>\n\n\n\n<div class=\"wp-block-buttons is-layout-flex wp-block-buttons-is-layout-flex\">\n<div class=\"wp-block-button has-custom-width wp-block-button__width-75 has-custom-font-size is-style-outline has-medium-font-size is-style-outline--1\"><a class=\"wp-block-button__link wp-element-button\" href=\"http:\/\/slamdisques.com\/slamdisques\/noe-talbot-discographie\">Acc\u00e9der \u00e0 la discographie<\/a><\/div>\n<\/div>\n\n\n\n<h1 class=\"wp-block-heading has-large-font-size\">Vid\u00e9oclips<\/h1>\n\n\n\n<div class=\"wp-block-cb-carousel-v2 cb-carousel-block\" data-cb-slides-per-view=\"1\" data-cb-slides-per-group=\"1\" data-cb-space-between=\"2\" data-cb-speed=\"300\" data-cb-navigation=\"true\" data-cb-pagination=\"true\" data-cb-loop=\"true\" data-cb-autoplay=\"true\" data-cb-autoplay-speed=\"2000\" data-cb-breakpoints=\"{&quot;768&quot;:{&quot;slidesPerView&quot;:3,&quot;slidesPerGroup&quot;:1}}\"><div class=\"swiper\"><div class=\"cb-wrapper swiper-wrapper\">\n<div class=\"wp-block-cb-slide-v2 cb-slide swiper-slide\">\n<figure class=\"wp-block-image size-large\"><a href=\"https:\/\/www.youtube.com\/watch?v=XD6sDJXlil8\" target=\"_blank\" rel=\"noreferrer noopener\"><img loading=\"lazy\" decoding=\"async\" width=\"1024\" height=\"576\" src=\"https:\/\/www.slamdisques.com\/slamdisques\/wp-content\/uploads\/2025\/07\/Design-sans-titre-26-1024x576.jpg\" alt=\"\" class=\"wp-image-5116\" srcset=\"https:\/\/www.slamdisques.com\/slamdisques\/wp-content\/uploads\/2025\/07\/Design-sans-titre-26-1024x576.jpg 1024w, https:\/\/www.slamdisques.com\/slamdisques\/wp-content\/uploads\/2025\/07\/Design-sans-titre-26-300x169.jpg 300w, https:\/\/www.slamdisques.com\/slamdisques\/wp-content\/uploads\/2025\/07\/Design-sans-titre-26-768x432.jpg 768w, https:\/\/www.slamdisques.com\/slamdisques\/wp-content\/uploads\/2025\/07\/Design-sans-titre-26-1536x864.jpg 1536w, https:\/\/www.slamdisques.com\/slamdisques\/wp-content\/uploads\/2025\/07\/Design-sans-titre-26.jpg 1920w\" sizes=\"auto, (max-width: 767px) 89vw, (max-width: 1000px) 54vw, (max-width: 1071px) 543px, 580px\" \/><\/a><figcaption class=\"wp-element-caption\"><mark style=\"background-color:rgba(0, 0, 0, 0)\" class=\"has-inline-color has-white-color\">Sauver les meubles<\/mark><\/figcaption><\/figure>\n<\/div>\n\n\n\n<div class=\"wp-block-cb-slide-v2 cb-slide swiper-slide\">\n<figure class=\"wp-block-image size-large\"><a href=\"https:\/\/www.youtube.com\/watch?v=-BZGFz7qc14\" target=\"_blank\" rel=\"noreferrer noopener\"><img loading=\"lazy\" decoding=\"async\" width=\"1024\" height=\"576\" src=\"https:\/\/www.slamdisques.com\/slamdisques\/wp-content\/uploads\/2025\/07\/Design-sans-titre-27-1024x576.jpg\" alt=\"\" class=\"wp-image-5121\" srcset=\"https:\/\/www.slamdisques.com\/slamdisques\/wp-content\/uploads\/2025\/07\/Design-sans-titre-27-1024x576.jpg 1024w, https:\/\/www.slamdisques.com\/slamdisques\/wp-content\/uploads\/2025\/07\/Design-sans-titre-27-300x169.jpg 300w, https:\/\/www.slamdisques.com\/slamdisques\/wp-content\/uploads\/2025\/07\/Design-sans-titre-27-768x432.jpg 768w, https:\/\/www.slamdisques.com\/slamdisques\/wp-content\/uploads\/2025\/07\/Design-sans-titre-27-1536x864.jpg 1536w, https:\/\/www.slamdisques.com\/slamdisques\/wp-content\/uploads\/2025\/07\/Design-sans-titre-27.jpg 1920w\" sizes=\"auto, (max-width: 767px) 89vw, (max-width: 1000px) 54vw, (max-width: 1071px) 543px, 580px\" \/><\/a><figcaption class=\"wp-element-caption\"><mark style=\"background-color:rgba(0, 0, 0, 0)\" class=\"has-inline-color has-white-color\">Pour l&rsquo;instant<\/mark><\/figcaption><\/figure>\n<\/div>\n\n\n\n<div class=\"wp-block-cb-slide-v2 cb-slide swiper-slide\">\n<figure class=\"wp-block-image size-large\"><a href=\"https:\/\/www.youtube.com\/watch?v=qjI2RAW4bqI\" target=\"_blank\" rel=\"noreferrer noopener\"><img loading=\"lazy\" decoding=\"async\" width=\"1024\" height=\"576\" src=\"https:\/\/www.slamdisques.com\/slamdisques\/wp-content\/uploads\/2025\/07\/Design-sans-titre-28-1024x576.jpg\" alt=\"\" class=\"wp-image-5123\" srcset=\"https:\/\/www.slamdisques.com\/slamdisques\/wp-content\/uploads\/2025\/07\/Design-sans-titre-28-1024x576.jpg 1024w, https:\/\/www.slamdisques.com\/slamdisques\/wp-content\/uploads\/2025\/07\/Design-sans-titre-28-300x169.jpg 300w, https:\/\/www.slamdisques.com\/slamdisques\/wp-content\/uploads\/2025\/07\/Design-sans-titre-28-768x432.jpg 768w, https:\/\/www.slamdisques.com\/slamdisques\/wp-content\/uploads\/2025\/07\/Design-sans-titre-28-1536x864.jpg 1536w, https:\/\/www.slamdisques.com\/slamdisques\/wp-content\/uploads\/2025\/07\/Design-sans-titre-28.jpg 1920w\" sizes=\"auto, (max-width: 767px) 89vw, (max-width: 1000px) 54vw, (max-width: 1071px) 543px, 580px\" \/><\/a><figcaption class=\"wp-element-caption\"><mark style=\"background-color:rgba(0, 0, 0, 0)\" class=\"has-inline-color has-white-color\">Rivi\u00e8re noire<\/mark><\/figcaption><\/figure>\n<\/div>\n\n\n\n<div class=\"wp-block-cb-slide-v2 cb-slide swiper-slide\">\n<figure class=\"wp-block-image size-large\"><a href=\"https:\/\/www.youtube.com\/watch?v=pVCMyoxg3lo\" target=\"_blank\" rel=\"noreferrer noopener\"><img loading=\"lazy\" decoding=\"async\" width=\"1024\" height=\"576\" src=\"https:\/\/www.slamdisques.com\/slamdisques\/wp-content\/uploads\/2025\/07\/Design-sans-titre-29-1024x576.jpg\" alt=\"\" class=\"wp-image-5125\" srcset=\"https:\/\/www.slamdisques.com\/slamdisques\/wp-content\/uploads\/2025\/07\/Design-sans-titre-29-1024x576.jpg 1024w, https:\/\/www.slamdisques.com\/slamdisques\/wp-content\/uploads\/2025\/07\/Design-sans-titre-29-300x169.jpg 300w, https:\/\/www.slamdisques.com\/slamdisques\/wp-content\/uploads\/2025\/07\/Design-sans-titre-29-768x432.jpg 768w, https:\/\/www.slamdisques.com\/slamdisques\/wp-content\/uploads\/2025\/07\/Design-sans-titre-29-1536x864.jpg 1536w, https:\/\/www.slamdisques.com\/slamdisques\/wp-content\/uploads\/2025\/07\/Design-sans-titre-29.jpg 1920w\" sizes=\"auto, (max-width: 767px) 89vw, (max-width: 1000px) 54vw, (max-width: 1071px) 543px, 580px\" \/><\/a><figcaption class=\"wp-element-caption\"><mark style=\"background-color:rgba(0, 0, 0, 0)\" class=\"has-inline-color has-white-color\">Faire front \u00e0 la mort<\/mark><\/figcaption><\/figure>\n<\/div>\n\n\n\n<div class=\"wp-block-cb-slide-v2 cb-slide swiper-slide\">\n<figure class=\"wp-block-image size-large\"><a href=\"https:\/\/www.youtube.com\/watch?v=83zW-H1krb8\" target=\"_blank\" rel=\"noreferrer noopener\"><img loading=\"lazy\" decoding=\"async\" width=\"1024\" height=\"576\" src=\"https:\/\/www.slamdisques.com\/slamdisques\/wp-content\/uploads\/2025\/07\/Design-sans-titre-30-1024x576.jpg\" alt=\"\" class=\"wp-image-5126\" srcset=\"https:\/\/www.slamdisques.com\/slamdisques\/wp-content\/uploads\/2025\/07\/Design-sans-titre-30-1024x576.jpg 1024w, https:\/\/www.slamdisques.com\/slamdisques\/wp-content\/uploads\/2025\/07\/Design-sans-titre-30-300x169.jpg 300w, https:\/\/www.slamdisques.com\/slamdisques\/wp-content\/uploads\/2025\/07\/Design-sans-titre-30-768x432.jpg 768w, https:\/\/www.slamdisques.com\/slamdisques\/wp-content\/uploads\/2025\/07\/Design-sans-titre-30-1536x864.jpg 1536w, https:\/\/www.slamdisques.com\/slamdisques\/wp-content\/uploads\/2025\/07\/Design-sans-titre-30.jpg 1920w\" sizes=\"auto, (max-width: 767px) 89vw, (max-width: 1000px) 54vw, (max-width: 1071px) 543px, 580px\" \/><\/a><figcaption class=\"wp-element-caption\"><mark style=\"background-color:rgba(0, 0, 0, 0)\" class=\"has-inline-color has-white-color\">L&rsquo;essentiel<\/mark><\/figcaption><\/figure>\n<\/div>\n\n\n\n<div class=\"wp-block-cb-slide-v2 cb-slide swiper-slide\">\n<figure class=\"wp-block-image size-large\"><a href=\"https:\/\/www.youtube.com\/watch?v=Sh3GB1Mawxc\" target=\"_blank\" rel=\"noreferrer noopener\"><img loading=\"lazy\" decoding=\"async\" width=\"1024\" height=\"576\" src=\"https:\/\/www.slamdisques.com\/slamdisques\/wp-content\/uploads\/2025\/07\/Design-sans-titre-31-1024x576.jpg\" alt=\"\" class=\"wp-image-5127\" srcset=\"https:\/\/www.slamdisques.com\/slamdisques\/wp-content\/uploads\/2025\/07\/Design-sans-titre-31-1024x576.jpg 1024w, https:\/\/www.slamdisques.com\/slamdisques\/wp-content\/uploads\/2025\/07\/Design-sans-titre-31-300x169.jpg 300w, https:\/\/www.slamdisques.com\/slamdisques\/wp-content\/uploads\/2025\/07\/Design-sans-titre-31-768x432.jpg 768w, https:\/\/www.slamdisques.com\/slamdisques\/wp-content\/uploads\/2025\/07\/Design-sans-titre-31-1536x864.jpg 1536w, https:\/\/www.slamdisques.com\/slamdisques\/wp-content\/uploads\/2025\/07\/Design-sans-titre-31.jpg 1920w\" sizes=\"auto, (max-width: 767px) 89vw, (max-width: 1000px) 54vw, (max-width: 1071px) 543px, 580px\" \/><\/a><figcaption class=\"wp-element-caption\"><mark style=\"background-color:rgba(0, 0, 0, 0)\" class=\"has-inline-color has-white-color\">Matane<\/mark><\/figcaption><\/figure>\n<\/div>\n\n\n\n<div class=\"wp-block-cb-slide-v2 cb-slide swiper-slide\">\n<figure class=\"wp-block-image size-large\"><a href=\"https:\/\/www.youtube.com\/watch?v=50TNZkPLmO8\" target=\"_blank\" rel=\"noreferrer noopener\"><img loading=\"lazy\" decoding=\"async\" width=\"1024\" height=\"576\" src=\"https:\/\/www.slamdisques.com\/slamdisques\/wp-content\/uploads\/2025\/07\/Design-sans-titre-32-1024x576.jpg\" alt=\"\" class=\"wp-image-5128\" srcset=\"https:\/\/www.slamdisques.com\/slamdisques\/wp-content\/uploads\/2025\/07\/Design-sans-titre-32-1024x576.jpg 1024w, https:\/\/www.slamdisques.com\/slamdisques\/wp-content\/uploads\/2025\/07\/Design-sans-titre-32-300x169.jpg 300w, https:\/\/www.slamdisques.com\/slamdisques\/wp-content\/uploads\/2025\/07\/Design-sans-titre-32-768x432.jpg 768w, https:\/\/www.slamdisques.com\/slamdisques\/wp-content\/uploads\/2025\/07\/Design-sans-titre-32-1536x864.jpg 1536w, https:\/\/www.slamdisques.com\/slamdisques\/wp-content\/uploads\/2025\/07\/Design-sans-titre-32.jpg 1920w\" sizes=\"auto, (max-width: 767px) 89vw, (max-width: 1000px) 54vw, (max-width: 1071px) 543px, 580px\" \/><\/a><figcaption class=\"wp-element-caption\"><mark style=\"background-color:rgba(0, 0, 0, 0)\" class=\"has-inline-color has-white-color\">Les miracles<\/mark><\/figcaption><\/figure>\n<\/div>\n\n\n\n<div class=\"wp-block-cb-slide-v2 cb-slide swiper-slide\">\n<figure class=\"wp-block-image size-large\"><a href=\"https:\/\/www.youtube.com\/watch?v=5C549a2qDhk\" target=\"_blank\" rel=\"noreferrer noopener\"><img loading=\"lazy\" decoding=\"async\" width=\"1024\" height=\"576\" src=\"https:\/\/www.slamdisques.com\/slamdisques\/wp-content\/uploads\/2025\/07\/Design-sans-titre-33-1024x576.jpg\" alt=\"\" class=\"wp-image-5129\" srcset=\"https:\/\/www.slamdisques.com\/slamdisques\/wp-content\/uploads\/2025\/07\/Design-sans-titre-33-1024x576.jpg 1024w, https:\/\/www.slamdisques.com\/slamdisques\/wp-content\/uploads\/2025\/07\/Design-sans-titre-33-300x169.jpg 300w, https:\/\/www.slamdisques.com\/slamdisques\/wp-content\/uploads\/2025\/07\/Design-sans-titre-33-768x432.jpg 768w, https:\/\/www.slamdisques.com\/slamdisques\/wp-content\/uploads\/2025\/07\/Design-sans-titre-33-1536x864.jpg 1536w, https:\/\/www.slamdisques.com\/slamdisques\/wp-content\/uploads\/2025\/07\/Design-sans-titre-33.jpg 1920w\" sizes=\"auto, (max-width: 767px) 89vw, (max-width: 1000px) 54vw, (max-width: 1071px) 543px, 580px\" \/><\/a><figcaption class=\"wp-element-caption\"><mark style=\"background-color:rgba(0, 0, 0, 0)\" class=\"has-inline-color has-white-color\">D\u00e9baller le pr\u00e9sent<\/mark><\/figcaption><\/figure>\n<\/div>\n\n\n\n<div class=\"wp-block-cb-slide-v2 cb-slide swiper-slide\">\n<figure class=\"wp-block-image size-large\"><a href=\"https:\/\/www.youtube.com\/watch?v=t3rWYHTQFM0\" target=\"_blank\" rel=\"noreferrer noopener\"><img loading=\"lazy\" decoding=\"async\" width=\"1024\" height=\"576\" src=\"https:\/\/www.slamdisques.com\/slamdisques\/wp-content\/uploads\/2025\/07\/Design-sans-titre-34-1024x576.jpg\" alt=\"\" class=\"wp-image-5130\" srcset=\"https:\/\/www.slamdisques.com\/slamdisques\/wp-content\/uploads\/2025\/07\/Design-sans-titre-34-1024x576.jpg 1024w, https:\/\/www.slamdisques.com\/slamdisques\/wp-content\/uploads\/2025\/07\/Design-sans-titre-34-300x169.jpg 300w, https:\/\/www.slamdisques.com\/slamdisques\/wp-content\/uploads\/2025\/07\/Design-sans-titre-34-768x432.jpg 768w, https:\/\/www.slamdisques.com\/slamdisques\/wp-content\/uploads\/2025\/07\/Design-sans-titre-34-1536x864.jpg 1536w, https:\/\/www.slamdisques.com\/slamdisques\/wp-content\/uploads\/2025\/07\/Design-sans-titre-34.jpg 1920w\" sizes=\"auto, (max-width: 767px) 89vw, (max-width: 1000px) 54vw, (max-width: 1071px) 543px, 580px\" \/><\/a><figcaption class=\"wp-element-caption\"><mark style=\"background-color:rgba(0, 0, 0, 0)\" class=\"has-inline-color has-white-color\">Confortable<\/mark><\/figcaption><\/figure>\n<\/div>\n\n\n\n<div class=\"wp-block-cb-slide-v2 cb-slide swiper-slide\">\n<figure class=\"wp-block-image size-large\"><a href=\"https:\/\/www.youtube.com\/watch?v=LOSn7GhQ1NY\" target=\"_blank\" rel=\"noreferrer noopener\"><img loading=\"lazy\" decoding=\"async\" width=\"1024\" height=\"576\" src=\"https:\/\/www.slamdisques.com\/slamdisques\/wp-content\/uploads\/2025\/07\/Design-sans-titre-35-1024x576.jpg\" alt=\"\" class=\"wp-image-5131\" srcset=\"https:\/\/www.slamdisques.com\/slamdisques\/wp-content\/uploads\/2025\/07\/Design-sans-titre-35-1024x576.jpg 1024w, https:\/\/www.slamdisques.com\/slamdisques\/wp-content\/uploads\/2025\/07\/Design-sans-titre-35-300x169.jpg 300w, https:\/\/www.slamdisques.com\/slamdisques\/wp-content\/uploads\/2025\/07\/Design-sans-titre-35-768x432.jpg 768w, https:\/\/www.slamdisques.com\/slamdisques\/wp-content\/uploads\/2025\/07\/Design-sans-titre-35-1536x864.jpg 1536w, https:\/\/www.slamdisques.com\/slamdisques\/wp-content\/uploads\/2025\/07\/Design-sans-titre-35.jpg 1920w\" sizes=\"auto, (max-width: 767px) 89vw, (max-width: 1000px) 54vw, (max-width: 1071px) 543px, 580px\" \/><\/a><figcaption class=\"wp-element-caption\"><mark style=\"background-color:rgba(0, 0, 0, 0)\" class=\"has-inline-color has-white-color\">Allez br\u00fble<\/mark><\/figcaption><\/figure>\n<\/div>\n<\/div><\/div><div class=\"cb-pagination swiper-pagination\"><\/div><div class=\"cb-button-prev swiper-button-prev\"><\/div><div class=\"cb-button-next swiper-button-next\"><\/div><\/div>\n","protected":false},"excerpt":{"rendered":"<p>Un r\u00eave de jeunesse de faire du rock de sa vie qui s\u2019est mu\u00e9 en une carri\u00e8re dans la chanson qu\u00e9b\u00e9coise, voil\u00e0 l\u2019essence encore palpable du projet No\u00e9 Talbot. Sur des m\u00e9lodies aux couleurs oscillant entre le folk, la pop, la musique urbaine et &#8211; quand m\u00eame &#8211; une pinc\u00e9e de rock, No\u00e9 Talbot propose &hellip; <\/p>\n<p class=\"link-more\"><a href=\"https:\/\/www.slamdisques.com\/slamdisques\/noe-talbot-2\" class=\"more-link\">Continuer la lecture<span class=\"screen-reader-text\"> de &laquo;&nbsp;No\u00e9 Talbot&nbsp;&raquo;<\/span><\/a><\/p>\n","protected":false},"author":1,"featured_media":0,"parent":0,"menu_order":0,"comment_status":"closed","ping_status":"closed","template":"","meta":{"footnotes":""},"class_list":["post-3233","page","type-page","status-publish","hentry"],"_links":{"self":[{"href":"https:\/\/www.slamdisques.com\/slamdisques\/wp-json\/wp\/v2\/pages\/3233","targetHints":{"allow":["GET"]}}],"collection":[{"href":"https:\/\/www.slamdisques.com\/slamdisques\/wp-json\/wp\/v2\/pages"}],"about":[{"href":"https:\/\/www.slamdisques.com\/slamdisques\/wp-json\/wp\/v2\/types\/page"}],"author":[{"embeddable":true,"href":"https:\/\/www.slamdisques.com\/slamdisques\/wp-json\/wp\/v2\/users\/1"}],"replies":[{"embeddable":true,"href":"https:\/\/www.slamdisques.com\/slamdisques\/wp-json\/wp\/v2\/comments?post=3233"}],"version-history":[{"count":40,"href":"https:\/\/www.slamdisques.com\/slamdisques\/wp-json\/wp\/v2\/pages\/3233\/revisions"}],"predecessor-version":[{"id":5133,"href":"https:\/\/www.slamdisques.com\/slamdisques\/wp-json\/wp\/v2\/pages\/3233\/revisions\/5133"}],"wp:attachment":[{"href":"https:\/\/www.slamdisques.com\/slamdisques\/wp-json\/wp\/v2\/media?parent=3233"}],"curies":[{"name":"wp","href":"https:\/\/api.w.org\/{rel}","templated":true}]}}