{"id":3272,"date":"2020-10-20T23:30:50","date_gmt":"2020-10-20T22:30:50","guid":{"rendered":"http:\/\/www.slamdisques.com\/slamdisques\/?page_id=3272"},"modified":"2021-09-03T00:11:53","modified_gmt":"2021-09-02T23:11:53","slug":"laisser-le-poste-ouvert","status":"publish","type":"page","link":"https:\/\/www.slamdisques.com\/slamdisques\/laisser-le-poste-ouvert","title":{"rendered":"Laisser le poste ouvert"},"content":{"rendered":"\n<div class=\"wp-block-image\"><figure class=\"alignleft size-large is-resized\"><img loading=\"lazy\" decoding=\"async\" src=\"https:\/\/www.slamdisques.com\/slamdisques\/wp-content\/uploads\/2020\/10\/pochette-Laisser-le-poste-ouvert-1440x1440-Copie-1-1024x1024.jpg\" alt=\"\" class=\"wp-image-3273\" width=\"300\" height=\"300\" srcset=\"https:\/\/www.slamdisques.com\/slamdisques\/wp-content\/uploads\/2020\/10\/pochette-Laisser-le-poste-ouvert-1440x1440-Copie-1-1024x1024.jpg 1024w, https:\/\/www.slamdisques.com\/slamdisques\/wp-content\/uploads\/2020\/10\/pochette-Laisser-le-poste-ouvert-1440x1440-Copie-1-300x300.jpg 300w, https:\/\/www.slamdisques.com\/slamdisques\/wp-content\/uploads\/2020\/10\/pochette-Laisser-le-poste-ouvert-1440x1440-Copie-1-150x150.jpg 150w, https:\/\/www.slamdisques.com\/slamdisques\/wp-content\/uploads\/2020\/10\/pochette-Laisser-le-poste-ouvert-1440x1440-Copie-1-768x768.jpg 768w, https:\/\/www.slamdisques.com\/slamdisques\/wp-content\/uploads\/2020\/10\/pochette-Laisser-le-poste-ouvert-1440x1440-Copie-1-100x100.jpg 100w, https:\/\/www.slamdisques.com\/slamdisques\/wp-content\/uploads\/2020\/10\/pochette-Laisser-le-poste-ouvert-1440x1440-Copie-1.jpg 1440w\" sizes=\"auto, (max-width: 300px) 100vw, 300px\" \/><figcaption><strong>D\u00e9tails de l&rsquo;album:<\/strong><br>Sortie: 8 juin 2018<br><em>\u00a9\u2117 Slam Disques<\/em><br><br>R\u00e9alisation : No\u00e9 Talbot, Steve Gagnon, Alexandre Par\u00e9, Ken Guillaume.<br>Prise de son : Patrice Pruneau, assist\u00e9 de Jacob Lacroix-Cardinal, Frank Joly et Gabriel Dubuc<br>Mix : Frank Joly<br>Mastering : Ryan Morey<br><br>Enregistr\u00e9 au Planet Studio en d\u00e9cembre 2017 et mix\u00e9 en janvier 2018.<br><br>Collaborations pour retouches des paroles par Antoine Lachance, Jessy Fuchs et Guillaume Beauregard.<br><br><strong>Tracklist:<\/strong><br><a href=\"https:\/\/noetalbot.fanlink.to\/laisserleposteouvert\">1. Intro &#8211; Rentre au poste<br>2. Vivants<br>3. L&rsquo;essentiel<br>4. Faire front \u00e0 la mort<br>5. 4 ans<br>6. Tu erres<br>7. La peur s&rsquo;estompe<br>8. Interlude &#8211; Lettre de d\u00e9motivation<br>9. Cabrel<br>10. Matagami &#8211; Timmins &#8211; Rouyn<br>11. Anarchie (Part II)<br>12. Si le sol me veut<br>13. D&rsquo;une rive \u00e0 l&rsquo;autre<br>14. 26 Lettre<br>15. Laisser le poste ouvert<\/a><br><\/figcaption><\/figure><\/div>\n\n\n\n<p class=\"has-medium-font-size\"><strong>Laisser le poste ouvert<\/strong><br><a href=\"https:\/\/www.slamdisques.com\/slamdisques\/noe-talbot-2\">No\u00e9 Talbot<\/a><\/p>\n\n\n\n<hr class=\"wp-block-separator is-style-wide\"\/>\n\n\n\n<p class=\"has-small-font-size\">Sorti le 15 juin 2018, l&rsquo;album contient des textes personnels, pr\u00e9cis et lucides. Rapidement, les singles de ce nouvel opus trouvent leur place dans les radios du Qu\u00e9bec, notamment \u00abL\u2019essentiel\u00bb qui a permis \u00e0 No\u00e9 de devenir la future star iHeartRadio du mois de septembre 2018 sur les ondes du R\u00e9seau \u00c9NERGIE et m\u00eame de se hisser jusqu\u2019au top 20 du palmar\u00e8s BDS. Son 2<sup>e<\/sup> extrait \u00bbFaire front \u00e0 la mort\u00bb, quant \u00e0 lui, s\u2019est retrouv\u00e9 \u00e0 la 1<sup>\u00e8re<\/sup> position des palmar\u00e8s franco de stations telles que BLVD 102.1 \u00e0 Qu\u00e9bec et m\u00eame Sirius XM Franco. L\u2019ann\u00e9e 2019 se poursuit avec de nombreux spectacles en Europe avec Mauvaise Pioche en plus d\u2019une vitrine au renomm\u00e9 Printemps de Bourges, mais \u00e9galement plusieurs concerts au Qu\u00e9bec, dont le point culminant fut certainement son passage sur la sc\u00e8ne ext\u00e9rieure des Francos de Montr\u00e9al.<\/p>\n\n\n\n<div class=\"wp-block-buttons alignleft is-layout-flex wp-block-buttons-is-layout-flex\">\n<div class=\"wp-block-button\"><a class=\"wp-block-button__link\" href=\"https:\/\/noetalbot.fanlink.to\/laisserleposteouvert\" target=\"_blank\" rel=\"noreferrer noopener\">\u00c9coutez Laisser le poste ouvert<\/a><\/div>\n<\/div>\n","protected":false},"excerpt":{"rendered":"<p>Laisser le poste ouvertNo\u00e9 Talbot Sorti le 15 juin 2018, l&rsquo;album contient des textes personnels, pr\u00e9cis et lucides. Rapidement, les singles de ce nouvel opus trouvent leur place dans les radios du Qu\u00e9bec, notamment \u00abL\u2019essentiel\u00bb qui a permis \u00e0 No\u00e9 de devenir la future star iHeartRadio du mois de septembre 2018 sur les ondes du &hellip; <\/p>\n<p class=\"link-more\"><a href=\"https:\/\/www.slamdisques.com\/slamdisques\/laisser-le-poste-ouvert\" class=\"more-link\">Continuer la lecture<span class=\"screen-reader-text\"> de &laquo;&nbsp;Laisser le poste ouvert&nbsp;&raquo;<\/span><\/a><\/p>\n","protected":false},"author":1,"featured_media":0,"parent":0,"menu_order":0,"comment_status":"closed","ping_status":"closed","template":"","meta":{"footnotes":""},"class_list":["post-3272","page","type-page","status-publish","hentry"],"_links":{"self":[{"href":"https:\/\/www.slamdisques.com\/slamdisques\/wp-json\/wp\/v2\/pages\/3272","targetHints":{"allow":["GET"]}}],"collection":[{"href":"https:\/\/www.slamdisques.com\/slamdisques\/wp-json\/wp\/v2\/pages"}],"about":[{"href":"https:\/\/www.slamdisques.com\/slamdisques\/wp-json\/wp\/v2\/types\/page"}],"author":[{"embeddable":true,"href":"https:\/\/www.slamdisques.com\/slamdisques\/wp-json\/wp\/v2\/users\/1"}],"replies":[{"embeddable":true,"href":"https:\/\/www.slamdisques.com\/slamdisques\/wp-json\/wp\/v2\/comments?post=3272"}],"version-history":[{"count":4,"href":"https:\/\/www.slamdisques.com\/slamdisques\/wp-json\/wp\/v2\/pages\/3272\/revisions"}],"predecessor-version":[{"id":3987,"href":"https:\/\/www.slamdisques.com\/slamdisques\/wp-json\/wp\/v2\/pages\/3272\/revisions\/3987"}],"wp:attachment":[{"href":"https:\/\/www.slamdisques.com\/slamdisques\/wp-json\/wp\/v2\/media?parent=3272"}],"curies":[{"name":"wp","href":"https:\/\/api.w.org\/{rel}","templated":true}]}}