{"id":3334,"date":"2020-10-26T22:47:32","date_gmt":"2020-10-26T21:47:32","guid":{"rendered":"http:\/\/www.slamdisques.com\/slamdisques\/?page_id=3334"},"modified":"2021-09-16T00:11:58","modified_gmt":"2021-09-15T23:11:58","slug":"pansements","status":"publish","type":"page","link":"https:\/\/www.slamdisques.com\/slamdisques\/pansements","title":{"rendered":"Pansements"},"content":{"rendered":"\n<div class=\"wp-block-image\"><figure class=\"alignleft size-large is-resized\"><img loading=\"lazy\" decoding=\"async\" src=\"https:\/\/www.slamdisques.com\/slamdisques\/wp-content\/uploads\/2020\/10\/Oktoplut-Pansements-pochette-CD-300-dpi-1500x1500-en-tif-1024x1024.jpg\" alt=\"\" class=\"wp-image-3327\" width=\"312\" height=\"312\" srcset=\"https:\/\/www.slamdisques.com\/slamdisques\/wp-content\/uploads\/2020\/10\/Oktoplut-Pansements-pochette-CD-300-dpi-1500x1500-en-tif-1024x1024.jpg 1024w, https:\/\/www.slamdisques.com\/slamdisques\/wp-content\/uploads\/2020\/10\/Oktoplut-Pansements-pochette-CD-300-dpi-1500x1500-en-tif-300x300.jpg 300w, https:\/\/www.slamdisques.com\/slamdisques\/wp-content\/uploads\/2020\/10\/Oktoplut-Pansements-pochette-CD-300-dpi-1500x1500-en-tif-150x150.jpg 150w, https:\/\/www.slamdisques.com\/slamdisques\/wp-content\/uploads\/2020\/10\/Oktoplut-Pansements-pochette-CD-300-dpi-1500x1500-en-tif-768x768.jpg 768w, https:\/\/www.slamdisques.com\/slamdisques\/wp-content\/uploads\/2020\/10\/Oktoplut-Pansements-pochette-CD-300-dpi-1500x1500-en-tif-100x100.jpg 100w, https:\/\/www.slamdisques.com\/slamdisques\/wp-content\/uploads\/2020\/10\/Oktoplut-Pansements-pochette-CD-300-dpi-1500x1500-en-tif.jpg 1500w\" sizes=\"auto, (max-width: 312px) 100vw, 312px\" \/><figcaption><strong>D\u00e9tails de l&rsquo;album:<\/strong><br>Sortie: 27 mai 2014<br><em>\u00a9\u2117 Slam Disques<\/em><br><br>Oktoplut:<br>Laurence: Drum et voix<br>Mathieu: Guitare et voix<br><br>texte pour Vente de billets: Math et Laurence<br>texte pour tout le reste: Laurence<br><br>Musique par Oktoplut<br><br>Piano sur La terre ferme vs le vide et sur Points punk par J\u00e9r\u00f4me Boisvert<br>Vocals additionnels sur Sac d&rsquo;os Vagabond par Jessy Fuchs et J\u00e9r\u00f4me Boisvert<br><br>R\u00e9alisation, prise de son et mixage<br>J\u00e9r\u00f4me Boisvert<br><br>Mastering<br>Ryan Morey<br><br>Graphisme<br>Pierre-Marc Duguay<br><br><strong>Tracklist:<\/strong><br>1. Fuir<br>2. Vente de billets<br>3. Noir fonc\u00e9<br>4. Barr\u00e9 de la liste<br>5. Sans compromis<br>4. Sac d&rsquo;os vagabond<br>5. Sans regard <em>(Bonus track\/\u00e9dition deluxe)<\/em><br>6. Coll\u00e9 au givre <em>(Bonus track\/\u00e9dition deluxe)<\/em><br>7. Points punk<br>8. La terre ferme vs. le vide<br>9. Choisir<br>10. Sous le pont<br>11. Si y&rsquo;a pas de bruit c&rsquo;est qu&rsquo;y&rsquo;a pas d&rsquo;abeilles <em>(Bonus track\/\u00e9dition deluxe)<\/em><br>12. La veille de l&rsquo;aube<br>13. IPA<br>14. Animaux<\/figcaption><\/figure><\/div>\n\n\n\n<p class=\"has-medium-font-size\"><strong>Pansements<\/strong><br><a href=\"https:\/\/www.slamdisques.com\/slamdisques\/oktoplut-2\">Oktoplut<\/a><\/p>\n\n\n\n<hr class=\"wp-block-separator is-style-wide\"\/>\n\n\n\n<p>Duo&nbsp;de&nbsp;stoner-rock&nbsp;francophone&nbsp;aux accents grunge,&nbsp;<strong>Oktoplut<\/strong>&nbsp;fait ses d\u00e9buts en 2012. Il lance son 1er&nbsp;album complet&nbsp;nomm\u00e9\u202f<strong><em>Pansements<\/em><\/strong>&nbsp;le 27 mai 2014. Nomm\u00e9 comme un&nbsp;incontournable de 2014 par Ici Musique, le groupe&nbsp;est invit\u00e9 \u00e0&nbsp;participer&nbsp;au FME et \u00e0 Coup de C\u0153ur Francophone. R\u00e9coltant des nominations au&nbsp;GAMIQ 2014 dans les cat\u00e9gories \u2018\u2019r\u00e9v\u00e9lation de l\u2019ann\u00e9e\u2019\u2019 et \u2018\u2019album punk de l\u2019ann\u00e9e\u2019\u2019, la formation montr\u00e9alaise s\u2019ajoute \u00e0 la liste d\u2019artistes qui renforcent le pouvoir du rock francophone local.&nbsp;&nbsp;<\/p>\n\n\n\n<div class=\"wp-block-buttons is-layout-flex wp-block-buttons-is-layout-flex\">\n<div class=\"wp-block-button\"><a class=\"wp-block-button__link\" href=\"https:\/\/fanlink.to\/pansements\" target=\"_blank\" rel=\"noreferrer noopener\">\u00c9coutez Pansements<\/a><\/div>\n<\/div>\n","protected":false},"excerpt":{"rendered":"<p>PansementsOktoplut Duo&nbsp;de&nbsp;stoner-rock&nbsp;francophone&nbsp;aux accents grunge,&nbsp;Oktoplut&nbsp;fait ses d\u00e9buts en 2012. Il lance son 1er&nbsp;album complet&nbsp;nomm\u00e9\u202fPansements&nbsp;le 27 mai 2014. Nomm\u00e9 comme un&nbsp;incontournable de 2014 par Ici Musique, le groupe&nbsp;est invit\u00e9 \u00e0&nbsp;participer&nbsp;au FME et \u00e0 Coup de C\u0153ur Francophone. R\u00e9coltant des nominations au&nbsp;GAMIQ 2014 dans les cat\u00e9gories \u2018\u2019r\u00e9v\u00e9lation de l\u2019ann\u00e9e\u2019\u2019 et \u2018\u2019album punk de l\u2019ann\u00e9e\u2019\u2019, la formation montr\u00e9alaise s\u2019ajoute &hellip; <\/p>\n<p class=\"link-more\"><a href=\"https:\/\/www.slamdisques.com\/slamdisques\/pansements\" class=\"more-link\">Continuer la lecture<span class=\"screen-reader-text\"> de &laquo;&nbsp;Pansements&nbsp;&raquo;<\/span><\/a><\/p>\n","protected":false},"author":1,"featured_media":0,"parent":0,"menu_order":0,"comment_status":"closed","ping_status":"closed","template":"","meta":{"footnotes":""},"class_list":["post-3334","page","type-page","status-publish","hentry"],"_links":{"self":[{"href":"https:\/\/www.slamdisques.com\/slamdisques\/wp-json\/wp\/v2\/pages\/3334","targetHints":{"allow":["GET"]}}],"collection":[{"href":"https:\/\/www.slamdisques.com\/slamdisques\/wp-json\/wp\/v2\/pages"}],"about":[{"href":"https:\/\/www.slamdisques.com\/slamdisques\/wp-json\/wp\/v2\/types\/page"}],"author":[{"embeddable":true,"href":"https:\/\/www.slamdisques.com\/slamdisques\/wp-json\/wp\/v2\/users\/1"}],"replies":[{"embeddable":true,"href":"https:\/\/www.slamdisques.com\/slamdisques\/wp-json\/wp\/v2\/comments?post=3334"}],"version-history":[{"count":4,"href":"https:\/\/www.slamdisques.com\/slamdisques\/wp-json\/wp\/v2\/pages\/3334\/revisions"}],"predecessor-version":[{"id":4077,"href":"https:\/\/www.slamdisques.com\/slamdisques\/wp-json\/wp\/v2\/pages\/3334\/revisions\/4077"}],"wp:attachment":[{"href":"https:\/\/www.slamdisques.com\/slamdisques\/wp-json\/wp\/v2\/media?parent=3334"}],"curies":[{"name":"wp","href":"https:\/\/api.w.org\/{rel}","templated":true}]}}