{"id":3361,"date":"2020-11-02T23:50:09","date_gmt":"2020-11-02T22:50:09","guid":{"rendered":"http:\/\/www.slamdisques.com\/slamdisques\/?page_id=3361"},"modified":"2021-09-16T00:20:20","modified_gmt":"2021-09-15T23:20:20","slug":"fuck-toute-3","status":"publish","type":"page","link":"https:\/\/www.slamdisques.com\/slamdisques\/fuck-toute-3","title":{"rendered":"Fuck Toute"},"content":{"rendered":"\n<div class=\"wp-block-image\"><figure class=\"alignleft size-large is-resized\"><img loading=\"lazy\" decoding=\"async\" src=\"https:\/\/www.slamdisques.com\/slamdisques\/wp-content\/uploads\/2020\/11\/pochette-1-1024x1024.jpg\" alt=\"\" class=\"wp-image-3358\" width=\"315\" height=\"315\" srcset=\"https:\/\/www.slamdisques.com\/slamdisques\/wp-content\/uploads\/2020\/11\/pochette-1-1024x1024.jpg 1024w, https:\/\/www.slamdisques.com\/slamdisques\/wp-content\/uploads\/2020\/11\/pochette-1-300x300.jpg 300w, https:\/\/www.slamdisques.com\/slamdisques\/wp-content\/uploads\/2020\/11\/pochette-1-150x150.jpg 150w, https:\/\/www.slamdisques.com\/slamdisques\/wp-content\/uploads\/2020\/11\/pochette-1-768x768.jpg 768w, https:\/\/www.slamdisques.com\/slamdisques\/wp-content\/uploads\/2020\/11\/pochette-1-100x100.jpg 100w, https:\/\/www.slamdisques.com\/slamdisques\/wp-content\/uploads\/2020\/11\/pochette-1.jpg 1200w\" sizes=\"auto, (max-width: 315px) 100vw, 315px\" \/><figcaption><strong>D\u00e9tails de l&rsquo;album:<\/strong><br>14 octobre 2016<br><em>\u00a9\u2117 Slam Disques<\/em><br><br>FUCK TOUTE<br>Guitare : Max Gouin<br>Bass : David Horan<br>Drums : Jonathan Bigras<br>Vocals : Fran\u00e7ois Gagnon<br><br><br>Prise de son : Ryan Battistuzzi, Maxime Gouin, Fran\u00e7ois Gagnon, David Horan<br>Mix : Ryan Battistuzzi<br>Mastering : Ryan Battistuzzi<br><br>Pochette : Po Cadieux<br><br><strong>Tracklist:<\/strong><br><a href=\"https:\/\/fanlink.to\/fucktoute\">1. Illuminachie<br>2. Cul<br>3. Normal Dans le N\u00e9ant<br>4. Interruption de Service<br>5. Meth de Minuit<br>6. Fuck Toute<br>7. Millionnaire<br>8. Maladie Mentale<br>9. Ascenseur<br>10. J&rsquo;ai d&rsquo;quoi \u00e0 t&rsquo;dire<br>11. D\u00e9potoir<br>12. Bien-\u00eatre Social<br>13. Cul 2<br>14. D\u00e9mat\u00e9rialisation Mononucl\u00e9aire<br>15. J&rsquo;veux te D\u00e9truire<br>16. Overdose-Suicide<\/a><\/figcaption><\/figure><\/div>\n\n\n\n<p class=\"has-medium-font-size\"><strong>Fuck Toute<\/strong><br><a href=\"https:\/\/www.slamdisques.com\/slamdisques\/fuck-toute-2\">Fuck Toute<\/a><\/p>\n\n\n\n<hr class=\"wp-block-separator is-style-wide\"\/>\n\n\n\n<p class=\"has-small-font-size\">Montr\u00e9al, le 13&nbsp;juillet&nbsp;2018&nbsp; |&nbsp;En octobre 2016, les&nbsp;crott\u00e9s de&nbsp;Fuck Toute ont lanc\u00e9 un premier album homonyme qui a eu l&rsquo;effet&nbsp;d&rsquo;une bombe nucl\u00e9aire sur l&rsquo;underground musical qu\u00e9b\u00e9cois.&nbsp;<\/p>\n\n\n\n<p class=\"has-small-font-size\">&nbsp;2017, l&rsquo;album de Fuck Toute a remport\u00e9 le prix de&nbsp;l\u2019album punk de l\u2019ann\u00e9e au GAMIQ. Dense et sans compromis, ce premier opus est compos\u00e9 de 16 pi\u00e8ces plus intenses les unes que les autres et qui d\u00e9filent en moins de 26 minutes.<\/p>\n\n\n\n<p class=\"has-small-font-size\">2018, le quatuor\u00a0s&rsquo;associe officiellement au label Slam Disques et d\u00e9cide d&rsquo;offrir aux fans une r\u00e9\u00e9dition de sa premi\u00e8re offrande\u00a0en vinyle!!<\/p>\n\n\n\n<div class=\"wp-block-buttons is-layout-flex wp-block-buttons-is-layout-flex\">\n<div class=\"wp-block-button\"><a class=\"wp-block-button__link\" href=\"https:\/\/fanlink.to\/fucktoute\" target=\"_blank\" rel=\"noreferrer noopener\">\u00c9coutez Fuck Toute<\/a><\/div>\n<\/div>\n","protected":false},"excerpt":{"rendered":"<p>Fuck TouteFuck Toute Montr\u00e9al, le 13&nbsp;juillet&nbsp;2018&nbsp; |&nbsp;En octobre 2016, les&nbsp;crott\u00e9s de&nbsp;Fuck Toute ont lanc\u00e9 un premier album homonyme qui a eu l&rsquo;effet&nbsp;d&rsquo;une bombe nucl\u00e9aire sur l&rsquo;underground musical qu\u00e9b\u00e9cois.&nbsp; &nbsp;2017, l&rsquo;album de Fuck Toute a remport\u00e9 le prix de&nbsp;l\u2019album punk de l\u2019ann\u00e9e au GAMIQ. Dense et sans compromis, ce premier opus est compos\u00e9 de 16 pi\u00e8ces &hellip; <\/p>\n<p class=\"link-more\"><a href=\"https:\/\/www.slamdisques.com\/slamdisques\/fuck-toute-3\" class=\"more-link\">Continuer la lecture<span class=\"screen-reader-text\"> de &laquo;&nbsp;Fuck Toute&nbsp;&raquo;<\/span><\/a><\/p>\n","protected":false},"author":1,"featured_media":0,"parent":0,"menu_order":0,"comment_status":"closed","ping_status":"closed","template":"","meta":{"footnotes":""},"class_list":["post-3361","page","type-page","status-publish","hentry"],"_links":{"self":[{"href":"https:\/\/www.slamdisques.com\/slamdisques\/wp-json\/wp\/v2\/pages\/3361","targetHints":{"allow":["GET"]}}],"collection":[{"href":"https:\/\/www.slamdisques.com\/slamdisques\/wp-json\/wp\/v2\/pages"}],"about":[{"href":"https:\/\/www.slamdisques.com\/slamdisques\/wp-json\/wp\/v2\/types\/page"}],"author":[{"embeddable":true,"href":"https:\/\/www.slamdisques.com\/slamdisques\/wp-json\/wp\/v2\/users\/1"}],"replies":[{"embeddable":true,"href":"https:\/\/www.slamdisques.com\/slamdisques\/wp-json\/wp\/v2\/comments?post=3361"}],"version-history":[{"count":5,"href":"https:\/\/www.slamdisques.com\/slamdisques\/wp-json\/wp\/v2\/pages\/3361\/revisions"}],"predecessor-version":[{"id":4079,"href":"https:\/\/www.slamdisques.com\/slamdisques\/wp-json\/wp\/v2\/pages\/3361\/revisions\/4079"}],"wp:attachment":[{"href":"https:\/\/www.slamdisques.com\/slamdisques\/wp-json\/wp\/v2\/media?parent=3361"}],"curies":[{"name":"wp","href":"https:\/\/api.w.org\/{rel}","templated":true}]}}