{"id":3665,"date":"2021-05-28T01:26:08","date_gmt":"2021-05-28T00:26:08","guid":{"rendered":"http:\/\/www.slamdisques.com\/slamdisques\/?page_id=3665"},"modified":"2025-02-07T15:54:01","modified_gmt":"2025-02-07T14:54:01","slug":"reboot","status":"publish","type":"page","link":"https:\/\/www.slamdisques.com\/slamdisques\/reboot","title":{"rendered":"Reboot"},"content":{"rendered":"<div class=\"wp-block-image\">\n<figure class=\"alignleft size-large is-resized\"><img loading=\"lazy\" decoding=\"async\" width=\"1024\" height=\"1024\" src=\"https:\/\/www.slamdisques.com\/slamdisques\/wp-content\/uploads\/2021\/05\/SMASH_HIT_COMBO_Reboot_EP_Cover3000px-1024x1024.jpg\" alt=\"\" class=\"wp-image-3654\" style=\"width:298px;height:298px\" srcset=\"https:\/\/www.slamdisques.com\/slamdisques\/wp-content\/uploads\/2021\/05\/SMASH_HIT_COMBO_Reboot_EP_Cover3000px-1024x1024.jpg 1024w, https:\/\/www.slamdisques.com\/slamdisques\/wp-content\/uploads\/2021\/05\/SMASH_HIT_COMBO_Reboot_EP_Cover3000px-300x300.jpg 300w, https:\/\/www.slamdisques.com\/slamdisques\/wp-content\/uploads\/2021\/05\/SMASH_HIT_COMBO_Reboot_EP_Cover3000px-150x150.jpg 150w, https:\/\/www.slamdisques.com\/slamdisques\/wp-content\/uploads\/2021\/05\/SMASH_HIT_COMBO_Reboot_EP_Cover3000px-768x768.jpg 768w, https:\/\/www.slamdisques.com\/slamdisques\/wp-content\/uploads\/2021\/05\/SMASH_HIT_COMBO_Reboot_EP_Cover3000px-1536x1536.jpg 1536w, https:\/\/www.slamdisques.com\/slamdisques\/wp-content\/uploads\/2021\/05\/SMASH_HIT_COMBO_Reboot_EP_Cover3000px-2048x2048.jpg 2048w, https:\/\/www.slamdisques.com\/slamdisques\/wp-content\/uploads\/2021\/05\/SMASH_HIT_COMBO_Reboot_EP_Cover3000px-100x100.jpg 100w\" sizes=\"auto, (max-width: 767px) 89vw, (max-width: 1000px) 54vw, (max-width: 1071px) 543px, 580px\" \/><figcaption class=\"wp-element-caption\"><strong>D\u00e9tails de l&rsquo;album:<\/strong><br>Sortie: 21 mai 2021<br><br><strong>SHC sont:<\/strong><br>Paul \u00ab&nbsp;HP&nbsp;\u00bb Henry: Chant<br>Florent \u00ab&nbsp;Mr.Void&nbsp;\u00bb Curatola: Chant<br>Brice \u00ab&nbsp;James&nbsp;\u00bb Hincker: Batterie<br>Matthieu \u00ab&nbsp;Bulldozer&nbsp;\u00bb Willer: Basse<br>Baptiste \u00ab&nbsp;Bat&nbsp;\u00bb Ory:  Guitare<br>Charly Wick: Guitare<br>Anthony \u00ab&nbsp;Chon&nbsp;\u00bb Chognard: Production<br><br><strong>Tracklist:<\/strong><br><a href=\"https:\/\/smarturl.it\/SHCreboot\u200b\">1. Peine perdue<br>2. Contre Courant<br>3. Mirage<br>4. Post D\u00e9pression<br>5. Anonyme<\/a><\/figcaption><\/figure>\n<\/div>\n\n\n<p class=\"has-medium-font-size\"><strong>Reboot<\/strong><br>Smash Hit Combo<\/p>\n\n\n\n<hr class=\"wp-block-separator has-css-opacity is-style-wide\"\/>\n\n\n\n<p><em>Reboot<\/em>&nbsp;c\u2019est la cr\u00e8me de ce que&nbsp;<strong>SHC<\/strong>&nbsp;sait faire! Avec un nouveau chanteur, le groupe est plus fort que jamais et il me tarde d\u00e9j\u00e0 de les retrouver en live. Un seul b\u00e9mol concernant cet EP, cinq titres\u2026c\u2019est beaucoup trop court, en esp\u00e9rant donc un album prochainement. &#8211; Mary Motionless (<a rel=\"noreferrer noopener\" href=\"https:\/\/chairyoursound.com\/smash-hit-combo-reboot?fbclid=IwAR3euc2StlphdovgS-135R7oZOE8DZgLssWkE5HfiserJNhwF-1GXlD9Z3M\" target=\"_blank\">ChairYourSound<\/a>)<\/p>\n\n\n\n<p class=\"has-small-font-size\">Cr\u00e9\u00e9 en 2005, Smash Hit Combo a d\u00e9j\u00e0 de nombreux concerts \u00e0 son actif dont plusieurs premi\u00e8res parties nationales (Gojira, l\u2019Esprit du clan, Enhancer, Mass Hysteria et Limp Bizkit). Au cours de l\u2019ann\u00e9e 2012, le groupe se produit en sol qu\u00e9becois pour une premi\u00e8re fois avec des groupes tels que OK Volca et Never More than Less. La tourn\u00e9e a eu un tel succ\u00e8s que le groupe est d\u00e9j\u00e0 de retour au Qu\u00e9bec en 2013 avec l\u2019album RESET puis en 2015 pour l\u2019album PLAYMORE. En 2017, le groupe pr\u00e9sente un album double intitul\u00e9 \u00ab&nbsp;L33T&nbsp;\u00bb qui comprend un album en fran\u00e7ais et un en anglais.&nbsp;&nbsp;<\/p>\n\n\n\n<p class=\"has-small-font-size\">Le groupe est maintenant de retour en 2021 avec la sortie de &nbsp;Reboot le 21 mai prochain, nous offrant leurs riffs les plus lourds sans compromettre sur les r\u00e9f\u00e9rences geek.<\/p>\n\n\n\n<div class=\"wp-block-buttons is-layout-flex wp-block-buttons-is-layout-flex\">\n<div class=\"wp-block-button\"><a class=\"wp-block-button__link wp-element-button\" href=\"https:\/\/smarturl.it\/SHCreboot\" target=\"_blank\" rel=\"noreferrer noopener\">\u00c9coutez Reboot<\/a><\/div>\n<\/div>\n","protected":false},"excerpt":{"rendered":"<p>RebootSmash Hit Combo Reboot&nbsp;c\u2019est la cr\u00e8me de ce que&nbsp;SHC&nbsp;sait faire! Avec un nouveau chanteur, le groupe est plus fort que jamais et il me tarde d\u00e9j\u00e0 de les retrouver en live. Un seul b\u00e9mol concernant cet EP, cinq titres\u2026c\u2019est beaucoup trop court, en esp\u00e9rant donc un album prochainement. &#8211; Mary Motionless (ChairYourSound) Cr\u00e9\u00e9 en 2005, &hellip; <\/p>\n<p class=\"link-more\"><a href=\"https:\/\/www.slamdisques.com\/slamdisques\/reboot\" class=\"more-link\">Continuer la lecture<span class=\"screen-reader-text\"> de &laquo;&nbsp;Reboot&nbsp;&raquo;<\/span><\/a><\/p>\n","protected":false},"author":1,"featured_media":0,"parent":0,"menu_order":0,"comment_status":"closed","ping_status":"closed","template":"","meta":{"footnotes":""},"class_list":["post-3665","page","type-page","status-publish","hentry"],"_links":{"self":[{"href":"https:\/\/www.slamdisques.com\/slamdisques\/wp-json\/wp\/v2\/pages\/3665","targetHints":{"allow":["GET"]}}],"collection":[{"href":"https:\/\/www.slamdisques.com\/slamdisques\/wp-json\/wp\/v2\/pages"}],"about":[{"href":"https:\/\/www.slamdisques.com\/slamdisques\/wp-json\/wp\/v2\/types\/page"}],"author":[{"embeddable":true,"href":"https:\/\/www.slamdisques.com\/slamdisques\/wp-json\/wp\/v2\/users\/1"}],"replies":[{"embeddable":true,"href":"https:\/\/www.slamdisques.com\/slamdisques\/wp-json\/wp\/v2\/comments?post=3665"}],"version-history":[{"count":12,"href":"https:\/\/www.slamdisques.com\/slamdisques\/wp-json\/wp\/v2\/pages\/3665\/revisions"}],"predecessor-version":[{"id":4789,"href":"https:\/\/www.slamdisques.com\/slamdisques\/wp-json\/wp\/v2\/pages\/3665\/revisions\/4789"}],"wp:attachment":[{"href":"https:\/\/www.slamdisques.com\/slamdisques\/wp-json\/wp\/v2\/media?parent=3665"}],"curies":[{"name":"wp","href":"https:\/\/api.w.org\/{rel}","templated":true}]}}